t w = 7837 - 5346. What is the greatest common divisor of 424 and w?
53
Let w be 1/3 + ((-296)/6 - 0). Let f be (2 - 0) + (-7)/(w/14). Suppose 0*o - 24 = -f*o. What is the highest common divisor of o and 6?
6
Let v(t) = 180*t**3 + 3*t - 2. Let d(p) = -p**2 + 5. Let x be d(-2). Let f be v(x). Let h = -121 + f. Calculate the highest common factor of h and 150.
30
Suppose -145*d + 66*d + 68*d = -6325. Let h = 76 + -53. What is the greatest common divisor of h and d?
23
Suppose m + 279 = 4*m. Suppose 2789 - 7284 = -145*d. What is the highest common divisor of d and m?
31
Suppose 0 = -4*c + 4*l + 26312, 0 = -5*c - l + 5*l + 32884. Calculate the highest common divisor of c and 31.
31
Let y(m) be the first derivative of -m**4/2 + 11*m**3/3 + m**2 - 13*m - 98. Let x be y(5). Calculate the greatest common factor of x and 33.
11
Let z be (-75)/(-7) + -1 + 10/35. Suppose 0 = 3*p + p - 1500. Suppose 5*c - z*c = -p. Calculate the greatest common factor of 30 and c.
15
Let y = 43499 + -43457. Let c = 15 + -7. Let x = c - -6. Calculate the highest common divisor of y and x.
14
Suppose 183*m + 15*m - 18267 - 8661 = 0. What is the greatest common divisor of m and 1156?
68
Let w = -7113 - -7742. What is the highest common divisor of 85 and w?
17
Suppose 4*o - 1132 = -5*f, 499 = 2*f - 209*o + 204*o. Calculate the greatest common factor of f and 1711.
29
Suppose -55*r = -56*r + 2*x + 108, 2*r = -4*x + 240. What is the highest common factor of r and 15?
3
Let i be (-287)/(-4) + (-100 - -109) - 2/(-8). Let t(r) = 18*r**2 + 2*r - 6. Let x be t(3). Calculate the greatest common divisor of i and x.
81
Let p(v) = -5*v - 8. Let m be p(-7). Suppose -6*a + 2*a = -504. Let z = a - 108. Calculate the greatest common factor of m and z.
9
Let s(g) = -g**3 + 2*g**2 + 15. Let r be s(0). Let d(y) = 16*y + 9. Let u be d(3). Let h = 60 - u. What is the greatest common factor of r and h?
3
Suppose -22*v = 3*v - 254451 + 53951. Calculate the highest common divisor of v and 20.
20
Let q = -1056 + 6488. What is the highest common divisor of 7 and q?
7
Suppose 19 = -19*f - 6*f + 444. Calculate the greatest common divisor of f and 2635.
17
Let l(f) = f**2 - 16*f + 73. Let w be l(7). Suppose -w = 2*u - 4*u. Calculate the greatest common factor of u and 40.
5
Suppose 0 = -6*i - 1 - 17. Let g be 5 + (4 - 4) + i. Let u be (2/(-4))/(g/(-40)*1). Calculate the greatest common divisor of 5 and u.
5
Let b(x) = -5*x**2 + 40*x - 155. Let i(q) = -4*q. Let t(j) = -b(j) - 2*i(j). Let c be t(6). What is the highest common factor of 22 and c?
11
Let c(n) = 10*n + 25. Let r be c(-2). Suppose m - f - 7 = 9, 5*m - 50 = -r*f. What is the highest common factor of m and 117?
13
Let i = -1018 - -1055. What is the highest common divisor of 703 and i?
37
Let t(l) = -18*l + 76. Let m be t(4). Let x(z) = 2*z - 7. Let c be x(4). Let o be (1 - c) + (-32)/(-1). What is the highest common factor of m and o?
4
Let y be (-1440)/(-300)*260/6. What is the highest common factor of 403 and y?
13
Let g be 36/7*(33/(-3) + 25). What is the highest common divisor of 225 and g?
9
Let m(q) = q**2 + 24*q + 168. Let y be m(-24). What is the highest common divisor of y and 448?
56
Let b(w) = 5288 - 5442 + 20*w - 2*w. Let f be b(10). What is the greatest common factor of 52 and f?
26
Suppose -6*n - 15 = -9*n. Suppose 0*r = 4*r - s - 125, 4*r - 113 = n*s. Let m be 262/11 + ((-10)/(-11))/5. Calculate the greatest common factor of r and m.
8
Let y = 1543 + -1534. Let p(t) = t**2 + 8*t + 10. Let h be p(-7). Suppose -5*l - q + 177 = 0, -h*q - 4 = 5. What is the highest common factor of l and y?
9
Let i(s) = s**3 + 3*s**2 - 2*s - 1. Let t be i(2). Suppose -106876 = -77*l - 32956. Calculate the greatest common divisor of l and t.
15
Let q = -2159 - -2173. Calculate the highest common factor of 28 and q.
14
Suppose 0 = -2*n + 3*x + 58, -120 = -126*n + 122*n + 4*x. Let u be 3/(4/((-128)/(-6))). Calculate the highest common divisor of u and n.
16
Let u(o) be the first derivative of o**3/3 + o**2 - 149. Let w be u(14). What is the highest common factor of w and 28?
28
Suppose -2767*n = -2766*n - 2867. Calculate the highest common divisor of n and 61.
61
Let t = -255 + 253. Let v be (-214)/t - (21 - 6)/(-3). Calculate the greatest common divisor of 48 and v.
16
Let h be -72*(62/(-4) - -13). Calculate the greatest common factor of h and 940.
20
Let t = -118 + 118. Suppose -5*s - 3*k + 0*k + 647 = t, 5*s + 5*k - 645 = 0. Calculate the greatest common factor of s and 52.
26
Suppose 0 = -925*j + 946*j - 336. What is the greatest common factor of 18624 and j?
16
Let c = -26 - -31. Let t be ((0 - -1) + -5)/(-4 + c). Let k be (-24)/(-16)*t/18*-12. What is the greatest common divisor of 16 and k?
4
Let b = 276085 + -275784. Suppose -2*h + 13 + 15 = 0. Calculate the highest common factor of h and b.
7
Let u = -193 - -179. Let k = -73 - -147. Let j = k - u. What is the greatest common divisor of 8 and j?
8
Suppose -3*d = -5*d, q - 116 = d. Suppose 924 = 10*o - q. Calculate the greatest common factor of o and 24.
8
Suppose 5*n - 12*n + 1133990 = 58*n. What is the greatest common divisor of 26 and n?
26
Suppose 2 = 2*f, 3*f + 7 + 8 = 3*g. Let o be 4/g*(11 - 5). Suppose 0 = h - 2 - 14. What is the highest common factor of o and h?
4
Let l be (9/(-6) + 2)*298. Suppose w + 148 = 3*y - 0, 3*y - 2*w = l. Let u = -34617 - -34624. What is the highest common factor of y and u?
7
Suppose 0 = 3*u + 15 - 60. Suppose -31*c = 25*c - 560. Suppose m = 4*b - 0*m - 40, -5*m = -b + c. What is the highest common factor of u and b?
5
Suppose -t + 61 = 5*m, -2*t - 84 = -4*m - 24. Let r = m + -11. Suppose 5*i - 150 = 3*w + 113, w - 114 = -r*i. Calculate the highest common factor of 22 and i.
11
Let l(v) = 378*v - 15810. Let o be l(42). Calculate the greatest common factor of 737 and o.
11
Suppose 0 = b - 4 - 26. Suppose 27*j + 171 = b*j. Calculate the greatest common divisor of 741 and j.
57
Let s(c) = 11*c**2 - 41*c - 5. Let z(n) = -6*n**2 + 20*n + 3. Let w(r) = 3*s(r) + 5*z(r). Let o be w(8). What is the highest common divisor of o and 52?
4
Suppose -2*u + 5*l = -45349, 23*u - 27*u = -3*l - 90733. Calculate the highest common divisor of 49 and u.
49
Let v(b) = -1878*b - 2650. Let l be v(-4). What is the highest common factor of 221 and l?
221
Suppose -3*m + 26684 + 105278 = x, 175928 = 4*m + 4*x. What is the greatest common factor of 83 and m?
83
Let h = -1640 - -1646. What is the highest common divisor of h and 897?
3
Let r(u) = u**2 - 10*u - 375. Let t be r(-21). What is the highest common divisor of 444 and t?
12
Let x(s) = -s**3 - 2*s**2 + 4*s + 4. Let y be x(-3). Suppose 14 + y = 3*f. Let d = -680 + 735. What is the greatest common factor of f and d?
5
Let o = 137 + -133. Suppose -2*j + a = -417, 2*j - 408 = -0*a + o*a. Suppose 0 = 27*d - 33*d + j. What is the highest common factor of d and 7?
7
Let u(d) = -3*d**3 + 25*d**2 + 3*d + 8. Suppose 40 = -120*c + 125*c. Let j be u(c). Calculate the highest common factor of 128 and j.
32
Suppose -6 + 4 = -y. Suppose 5*m - 1 - 6 = -2*u, y*m = 5*u + 26. Let b be (-20)/(-3) + 4/(-6). Calculate the greatest common factor of m and b.
3
Let k be (-1 + -3)/(2 + 168/(-77)). Suppose 0 = 5*m + f - 155, 4*f + 18 = 3*m - 75. Let p = m - k. Calculate the highest common divisor of p and 27.
9
Let y = 3251 - 3244. Let n(w) = 7*w. Let s be n(9). What is the greatest common divisor of y and s?
7
Let s(b) = b**2 - 2*b - 80. Let k be s(-20). Suppose 2*p - 4*f = k, p - 36 = -2*f + 164. What is the greatest common factor of 76 and p?
38
Suppose -k = 4*i - 4*k - 27, -3*k = 4*i + 3. Suppose 0 = -2*y + 5*y + i. Let b be (-6 - -1)*(176/(-40) + y). What is the highest common factor of b and 108?
27
Let p = -72 + 211. Let g = -118 + p. Let w be (702/g)/6*7. Calculate the highest common factor of w and 52.
13
Suppose -3*q - 2*k = -129, -k - 38 = -5*q + 4*q. Suppose 193 = 2*l + q. What is the highest common factor of 38 and l?
38
Let w(f) = -6*f**2 - 7*f. Let b be w(-2). Let r be (-2 + (-15)/b)*6. Let i be 45/10*(r - -33). Calculate the highest common divisor of 27 and i.
27
Let f(m) = -m**3 - 5*m**2 - 4*m + 3. Let s be f(-4). Suppose -64*x + 72*x - 3*y = 1899, -5*x + 3*y = -1170. What is the greatest common divisor of s and x?
3
Let d = 19929 + -19917